{"id":2,"date":"2020-06-29T14:04:24","date_gmt":"2020-06-29T14:04:24","guid":{"rendered":"https:\/\/klasserudelius.hfk-bremen.de\/?page_id=2"},"modified":"2021-07-06T02:14:37","modified_gmt":"2021-07-06T02:14:37","slug":"sample-page","status":"publish","type":"page","link":"https:\/\/klasserudelius.hfk-bremen.de\/?page_id=2","title":{"rendered":"Students"},"content":{"rendered":"\n<h2><strong>Student*innen<\/strong><\/h2>\n\n\n\n<ul><li>Hannah Wolf <\/li><li>Leon Sahiti <\/li><li>Mona Charaf Eddine <\/li><li>Veranika Khatskevich<\/li><li>Miki Nigo<\/li><li>Matilda Gla\u00df<\/li><li>Chen Guo<\/li><li>Eva Bruno<\/li><li>Linda Hoppe<\/li><li>Yuxiao Huang<\/li><li>Caroline Antonia Schlingemann<\/li><li>Mengzhu Xue<\/li><li>Laura Bleck<\/li><\/ul>\n\n\n\n<h2>Meistersch\u00fcler*innen<\/h2>\n\n\n\n<ul><li>I-Chieh Tsai <\/li><li>Konstanze Sp\u00e4t<\/li><\/ul>\n\n\n\n<h2><strong>Alumni<\/strong><\/h2>\n\n\n\n<ul><li>Eszter Dora Forgacs<\/li><li>Hyeleen Lee <\/li><li>Ji Yoon Chung <\/li><li>Lukas Zerbst<\/li><li>Haruna Asahi  <\/li><li>Bakare-Tinko Ben    <\/li><li>Baumgart Ana    <\/li><li>B\u00f6sche Matthias  <\/li><li>Riccardo Castagnola    <\/li><li>Heejung Choi <\/li><li>Demming Stefan   <\/li><li>Deveny Barbara <\/li><li>Ege Helmut  <\/li><li>Feline Lorraine  <\/li><li>Gruner Andreas   <\/li><li>Hargita Zs\u00f3fia     <\/li><li>Harton Sabine   <\/li><li>Hirose Midori <\/li><li>Jeep Stefan   <\/li><li>Jandt Anna<\/li><li>Kakiuchi Rei     <\/li><li>Kang Min Jung     <\/li><li>Kapp Claudia     <\/li><li>Keller Franziska   <\/li><li>Kem Wadim    <\/li><li>Efi Kontogeorgou    <\/li><li>Jule K\u00f6rperich   <\/li><li>Katharina Kreutzkamp    <\/li><li>Krkobabic Miodrag   <\/li><li>Kropp Jenny (FORT)<\/li><li>K\u00fcster Ralf         <\/li><li>Margraf Roshan    <\/li><li>Marius Le Prince Rani  <\/li><li>Marquardt Heike    <\/li><li>Meier-Kahrweg Christian    <\/li><li>Gustavo M\u00e9ndez L\u00f3pez   <\/li><li>M\u00fcller Janis E.  <\/li><li>Natter Tanja    <\/li><li>Neubacher Daniel    <\/li><li>Nguy\u00ean Lu    <\/li><li>Nguyen Nhu    <\/li><li>Nieratschker Henrik    <\/li><li>Nippoldt Astrid   <\/li><li>Novikova Lana    <\/li><li>Notz Adrian  <\/li><li>Olearius Nora   <\/li><li>Orth Katrin <\/li><li>Perin Enzo    <\/li><li>Pfeifer Claudio <\/li><li>Raccah Eduardo    <\/li><li>Rau Judith     <\/li><li>Renner Elianna  <\/li><li>Sandrock Stefan    <\/li><li>Z. Schmidt    <\/li><li>Schoof Ina    <\/li><li>Simon Olaf    <\/li><li>Siripattananuntakul Wantanee     <\/li><li>Son Miae    <\/li><li>Specht Simon    <\/li><li>Suhr Bettina <\/li><li>Tan Dennis    <\/li><li>Tempier Lucie des neiges    <\/li><li>Thiele Felix <\/li><li>Welzel Sharon    <\/li><li>Wiedemann Mark   <\/li><li>Wiese Annika    <\/li><li>Wietzke Ilka     <\/li><li>Wolff J\u00f6rg    <\/li><li>Wulfers Ole <\/li><li>Ziegler Sebastian <\/li><\/ul>\n","protected":false},"excerpt":{"rendered":"<p>Student*innen Hannah Wolf Leon Sahiti Mona Charaf Eddine Veranika Khatskevich Miki Nigo Matilda Gla\u00df Chen Guo Eva Bruno Linda Hoppe Yuxiao Huang Caroline Antonia Schlingemann Mengzhu Xue Laura Bleck Meistersch\u00fcler*innen I-Chieh Tsai Konstanze Sp\u00e4t Alumni Eszter Dora Forgacs Hyeleen Lee Ji Yoon Chung Lukas Zerbst Haruna Asahi Bakare-Tinko Ben Baumgart Ana B\u00f6sche Matthias Riccardo Castagnola&hellip; <a class=\"more-link\" href=\"https:\/\/klasserudelius.hfk-bremen.de\/?page_id=2\"><span class=\"screen-reader-text\">Students<\/span> weiterlesen<\/a><\/p>\n","protected":false},"author":1,"featured_media":0,"parent":0,"menu_order":0,"comment_status":"closed","ping_status":"open","template":"","meta":[],"_links":{"self":[{"href":"https:\/\/klasserudelius.hfk-bremen.de\/index.php?rest_route=\/wp\/v2\/pages\/2"}],"collection":[{"href":"https:\/\/klasserudelius.hfk-bremen.de\/index.php?rest_route=\/wp\/v2\/pages"}],"about":[{"href":"https:\/\/klasserudelius.hfk-bremen.de\/index.php?rest_route=\/wp\/v2\/types\/page"}],"author":[{"embeddable":true,"href":"https:\/\/klasserudelius.hfk-bremen.de\/index.php?rest_route=\/wp\/v2\/users\/1"}],"replies":[{"embeddable":true,"href":"https:\/\/klasserudelius.hfk-bremen.de\/index.php?rest_route=%2Fwp%2Fv2%2Fcomments&post=2"}],"version-history":[{"count":2,"href":"https:\/\/klasserudelius.hfk-bremen.de\/index.php?rest_route=\/wp\/v2\/pages\/2\/revisions"}],"predecessor-version":[{"id":86,"href":"https:\/\/klasserudelius.hfk-bremen.de\/index.php?rest_route=\/wp\/v2\/pages\/2\/revisions\/86"}],"wp:attachment":[{"href":"https:\/\/klasserudelius.hfk-bremen.de\/index.php?rest_route=%2Fwp%2Fv2%2Fmedia&parent=2"}],"curies":[{"name":"wp","href":"https:\/\/api.w.org\/{rel}","templated":true}]}}

<h2><strong>Student*innen</strong></h2>



<ul><li>Hannah Wolf </li><li>Leon Sahiti </li><li>Mona Charaf Eddine </li><li>Veranika Khatskevich</li><li>Miki Nigo</li><li>Matilda Glaß</li><li>Chen Guo</li><li>Eva Bruno</li><li>Linda Hoppe</li><li>Yuxiao Huang</li><li>Caroline Antonia Schlingemann</li><li>Mengzhu Xue</li><li>Laura Bleck</li></ul>



<h2>Meisterschüler*innen</h2>



<ul><li>I-Chieh Tsai </li><li>Konstanze Spät</li></ul>



<h2><strong>Alumni</strong></h2>



<ul><li>Eszter Dora Forgacs</li><li>Hyeleen Lee </li><li>Ji Yoon Chung </li><li>Lukas Zerbst</li><li>Haruna Asahi  </li><li>Bakare-Tinko Ben    </li><li>Baumgart Ana    </li><li>Bösche Matthias  </li><li>Riccardo Castagnola    </li><li>Heejung Choi </li><li>Demming Stefan   </li><li>Deveny Barbara </li><li>Ege Helmut  </li><li>Feline Lorraine  </li><li>Gruner Andreas   </li><li>Hargita Zsófia     </li><li>Harton Sabine   </li><li>Hirose Midori </li><li>Jeep Stefan   </li><li>Jandt Anna</li><li>Kakiuchi Rei     </li><li>Kang Min Jung     </li><li>Kapp Claudia     </li><li>Keller Franziska   </li><li>Kem Wadim    </li><li>Efi Kontogeorgou    </li><li>Jule Körperich   </li><li>Katharina Kreutzkamp    </li><li>Krkobabic Miodrag   </li><li>Kropp Jenny (FORT)</li><li>Küster Ralf         </li><li>Margraf Roshan    </li><li>Marius Le Prince Rani  </li><li>Marquardt Heike    </li><li>Meier-Kahrweg Christian    </li><li>Gustavo Méndez López   </li><li>Müller Janis E.  </li><li>Natter Tanja    </li><li>Neubacher Daniel    </li><li>Nguyên Lu    </li><li>Nguyen Nhu    </li><li>Nieratschker Henrik    </li><li>Nippoldt Astrid   </li><li>Novikova Lana    </li><li>Notz Adrian  </li><li>Olearius Nora   </li><li>Orth Katrin </li><li>Perin Enzo    </li><li>Pfeifer Claudio </li><li>Raccah Eduardo    </li><li>Rau Judith     </li><li>Renner Elianna  </li><li>Sandrock Stefan    </li><li>Z. Schmidt    </li><li>Schoof Ina    </li><li>Simon Olaf    </li><li>Siripattananuntakul Wantanee     </li><li>Son Miae    </li><li>Specht Simon    </li><li>Suhr Bettina </li><li>Tan Dennis    </li><li>Tempier Lucie des neiges    </li><li>Thiele Felix </li><li>Welzel Sharon    </li><li>Wiedemann Mark   </li><li>Wiese Annika    </li><li>Wietzke Ilka     </li><li>Wolff Jörg    </li><li>Wulfers Ole </li><li>Ziegler Sebastian </li></ul>

<p>Student*innen Hannah Wolf Leon Sahiti Mona Charaf Eddine Veranika Khatskevich Miki Nigo Matilda Glaß Chen Guo Eva Bruno Linda Hoppe Yuxiao Huang Caroline Antonia Schlingemann Mengzhu Xue Laura Bleck Meisterschüler*innen I-Chieh Tsai Konstanze Spät Alumni Eszter Dora Forgacs Hyeleen Lee Ji Yoon Chung Lukas Zerbst Haruna Asahi Bakare-Tinko Ben Baumgart Ana Bösche Matthias Riccardo Castagnola&hellip; <a class="more-link" href="https://klasserudelius.hfk-bremen.de/?page_id=2"><span class="screen-reader-text">Students</span> weiterlesen</a></p>
